{"id":120,"date":"2022-07-08T15:47:54","date_gmt":"2022-07-08T18:47:54","guid":{"rendered":"https:\/\/www.ccbnet.org.br\/?page_id=120"},"modified":"2022-07-12T10:50:09","modified_gmt":"2022-07-12T13:50:09","slug":"olma","status":"publish","type":"page","link":"https:\/\/www.ccbnet.org.br\/index.php\/olma\/","title":{"rendered":"OLMA"},"content":{"rendered":"\n<p><\/p>\n\n\n\n<p>O Observat\u00f3rio \u00e9 um n\u00facleo organizador de institui\u00e7\u00f5es e iniciativas em rede focadas em tem\u00e1ticas comuns ligadas \u00e0 \u201cpromo\u00e7\u00e3o da justi\u00e7a socioambiental da rede jesu\u00edta\u201d.\u00a0<\/p>\n\n\n\n<figure class=\"wp-block-image size-full\"><img loading=\"lazy\" decoding=\"async\" width=\"300\" height=\"234\" src=\"https:\/\/www.ccbnet.org.br\/wp-content\/uploads\/2022\/07\/16.09.2016-observatorio-socioambiental-300x234-2.png\" alt=\"\" class=\"wp-image-140\"\/><\/figure>\n\n\n\n<p>Criado pela&nbsp;<strong>Prov\u00edncia dos Jesu\u00edtas do Brasil \u2013 BRA<\/strong>&nbsp;para&nbsp;observar em profundidade&nbsp;as grandes quest\u00f5es emergentes da realidade conflitiva e contradit\u00f3ria, em v\u00e1rios \u00e2mbitos e territ\u00f3rios, se prop\u00f5e a desenvolver a\u00e7\u00f5es de documenta\u00e7\u00e3o, sistematiza\u00e7\u00e3o, reflex\u00e3o, forma\u00e7\u00e3o e articula\u00e7\u00e3o de forma a colocar em sinergia todo o potencial acumulado na Rede Jesu\u00edta, buscando, sobretudo, uma interlocu\u00e7\u00e3o cont\u00ednua com os diversos atores dentro e fora da Igreja.<\/p>\n\n\n\n<p>(Fonte: https:\/\/olma.org.br\/quem-somos\/o-que-e\/)<\/p>\n","protected":false},"excerpt":{"rendered":"<p>O Observat\u00f3rio \u00e9 um n\u00facleo organizador de institui\u00e7\u00f5es e iniciativas em rede focadas em tem\u00e1ticas comuns ligadas \u00e0 \u201cpromo\u00e7\u00e3o da justi\u00e7a socioambiental da rede jesu\u00edta\u201d.\u00a0 Criado pela&nbsp;Prov\u00edncia dos Jesu\u00edtas do Brasil \u2013 BRA&nbsp;para&nbsp;observar em profundidade&nbsp;as grandes quest\u00f5es emergentes da realidade conflitiva e contradit\u00f3ria, em v\u00e1rios \u00e2mbitos e territ\u00f3rios, se prop\u00f5e a desenvolver a\u00e7\u00f5es de documenta\u00e7\u00e3o, &#8230; <a title=\"OLMA\" class=\"read-more\" href=\"https:\/\/www.ccbnet.org.br\/index.php\/olma\/\" aria-label=\"More on OLMA\">Ler mais<\/a><\/p>\n","protected":false},"author":2,"featured_media":0,"parent":0,"menu_order":0,"comment_status":"closed","ping_status":"closed","template":"","meta":{"_coblocks_attr":"","_coblocks_dimensions":"","_coblocks_responsive_height":"","_coblocks_accordion_ie_support":"","footnotes":""},"class_list":["post-120","page","type-page","status-publish"],"yoast_head":"<!-- This site is optimized with the Yoast SEO plugin v24.9 - https:\/\/yoast.com\/wordpress\/plugins\/seo\/ -->\n<title>OLMA -<\/title>\n<meta name=\"robots\" content=\"index, follow, max-snippet:-1, max-image-preview:large, max-video-preview:-1\" \/>\n<link rel=\"canonical\" href=\"https:\/\/www.ccbnet.org.br\/index.php\/olma\/\" \/>\n<meta property=\"og:locale\" content=\"pt_BR\" \/>\n<meta property=\"og:type\" content=\"article\" \/>\n<meta property=\"og:title\" content=\"OLMA -\" \/>\n<meta property=\"og:description\" content=\"O Observat\u00f3rio \u00e9 um n\u00facleo organizador de institui\u00e7\u00f5es e iniciativas em rede focadas em tem\u00e1ticas comuns ligadas \u00e0 \u201cpromo\u00e7\u00e3o da justi\u00e7a socioambiental da rede jesu\u00edta\u201d.\u00a0 Criado pela&nbsp;Prov\u00edncia dos Jesu\u00edtas do Brasil \u2013 BRA&nbsp;para&nbsp;observar em profundidade&nbsp;as grandes quest\u00f5es emergentes da realidade conflitiva e contradit\u00f3ria, em v\u00e1rios \u00e2mbitos e territ\u00f3rios, se prop\u00f5e a desenvolver a\u00e7\u00f5es de documenta\u00e7\u00e3o, ... Ler mais\" \/>\n<meta property=\"og:url\" content=\"https:\/\/www.ccbnet.org.br\/index.php\/olma\/\" \/>\n<meta property=\"article:publisher\" content=\"https:\/\/pt-br.facebook.com\/ccbjesuitas\/\" \/>\n<meta property=\"article:modified_time\" content=\"2022-07-12T13:50:09+00:00\" \/>\n<meta property=\"og:image\" content=\"https:\/\/www.ccbnet.org.br\/wp-content\/uploads\/2022\/07\/16.09.2016-observatorio-socioambiental-300x234-2.png\" \/>\n<meta name=\"twitter:card\" content=\"summary_large_image\" \/>\n<meta name=\"twitter:label1\" content=\"Est. tempo de leitura\" \/>\n\t<meta name=\"twitter:data1\" content=\"1 minuto\" \/>\n<script type=\"application\/ld+json\" class=\"yoast-schema-graph\">{\"@context\":\"https:\/\/schema.org\",\"@graph\":[{\"@type\":\"WebPage\",\"@id\":\"https:\/\/www.ccbnet.org.br\/index.php\/olma\/\",\"url\":\"https:\/\/www.ccbnet.org.br\/index.php\/olma\/\",\"name\":\"OLMA -\",\"isPartOf\":{\"@id\":\"https:\/\/www.ccbnet.org.br\/#website\"},\"primaryImageOfPage\":{\"@id\":\"https:\/\/www.ccbnet.org.br\/index.php\/olma\/#primaryimage\"},\"image\":{\"@id\":\"https:\/\/www.ccbnet.org.br\/index.php\/olma\/#primaryimage\"},\"thumbnailUrl\":\"https:\/\/www.ccbnet.org.br\/wp-content\/uploads\/2022\/07\/16.09.2016-observatorio-socioambiental-300x234-2.png\",\"datePublished\":\"2022-07-08T18:47:54+00:00\",\"dateModified\":\"2022-07-12T13:50:09+00:00\",\"breadcrumb\":{\"@id\":\"https:\/\/www.ccbnet.org.br\/index.php\/olma\/#breadcrumb\"},\"inLanguage\":\"pt-BR\",\"potentialAction\":[{\"@type\":\"ReadAction\",\"target\":[\"https:\/\/www.ccbnet.org.br\/index.php\/olma\/\"]}]},{\"@type\":\"ImageObject\",\"inLanguage\":\"pt-BR\",\"@id\":\"https:\/\/www.ccbnet.org.br\/index.php\/olma\/#primaryimage\",\"url\":\"https:\/\/www.ccbnet.org.br\/wp-content\/uploads\/2022\/07\/16.09.2016-observatorio-socioambiental-300x234-2.png\",\"contentUrl\":\"https:\/\/www.ccbnet.org.br\/wp-content\/uploads\/2022\/07\/16.09.2016-observatorio-socioambiental-300x234-2.png\",\"width\":300,\"height\":234},{\"@type\":\"BreadcrumbList\",\"@id\":\"https:\/\/www.ccbnet.org.br\/index.php\/olma\/#breadcrumb\",\"itemListElement\":[{\"@type\":\"ListItem\",\"position\":1,\"name\":\"In\u00edcio\",\"item\":\"https:\/\/www.ccbnet.org.br\/\"},{\"@type\":\"ListItem\",\"position\":2,\"name\":\"OLMA\"}]},{\"@type\":\"WebSite\",\"@id\":\"https:\/\/www.ccbnet.org.br\/#website\",\"url\":\"https:\/\/www.ccbnet.org.br\/\",\"name\":\"\",\"description\":\"\",\"publisher\":{\"@id\":\"https:\/\/www.ccbnet.org.br\/#organization\"},\"potentialAction\":[{\"@type\":\"SearchAction\",\"target\":{\"@type\":\"EntryPoint\",\"urlTemplate\":\"https:\/\/www.ccbnet.org.br\/?s={search_term_string}\"},\"query-input\":{\"@type\":\"PropertyValueSpecification\",\"valueRequired\":true,\"valueName\":\"search_term_string\"}}],\"inLanguage\":\"pt-BR\"},{\"@type\":\"Organization\",\"@id\":\"https:\/\/www.ccbnet.org.br\/#organization\",\"name\":\"Centro Cultural de Bras\u00edlia\",\"url\":\"https:\/\/www.ccbnet.org.br\/\",\"logo\":{\"@type\":\"ImageObject\",\"inLanguage\":\"pt-BR\",\"@id\":\"https:\/\/www.ccbnet.org.br\/#\/schema\/logo\/image\/\",\"url\":\"https:\/\/www.ccbnet.org.br\/wp-content\/uploads\/2022\/07\/cropped-logoCCB.png\",\"contentUrl\":\"https:\/\/www.ccbnet.org.br\/wp-content\/uploads\/2022\/07\/cropped-logoCCB.png\",\"width\":225,\"height\":225,\"caption\":\"Centro Cultural de Bras\u00edlia\"},\"image\":{\"@id\":\"https:\/\/www.ccbnet.org.br\/#\/schema\/logo\/image\/\"},\"sameAs\":[\"https:\/\/pt-br.facebook.com\/ccbjesuitas\/\",\"https:\/\/www.instagram.com\/centroculturaldebrasilia\/\"]}]}<\/script>\n<!-- \/ Yoast SEO plugin. -->","yoast_head_json":{"title":"OLMA -","robots":{"index":"index","follow":"follow","max-snippet":"max-snippet:-1","max-image-preview":"max-image-preview:large","max-video-preview":"max-video-preview:-1"},"canonical":"https:\/\/www.ccbnet.org.br\/index.php\/olma\/","og_locale":"pt_BR","og_type":"article","og_title":"OLMA -","og_description":"O Observat\u00f3rio \u00e9 um n\u00facleo organizador de institui\u00e7\u00f5es e iniciativas em rede focadas em tem\u00e1ticas comuns ligadas \u00e0 \u201cpromo\u00e7\u00e3o da justi\u00e7a socioambiental da rede jesu\u00edta\u201d.\u00a0 Criado pela&nbsp;Prov\u00edncia dos Jesu\u00edtas do Brasil \u2013 BRA&nbsp;para&nbsp;observar em profundidade&nbsp;as grandes quest\u00f5es emergentes da realidade conflitiva e contradit\u00f3ria, em v\u00e1rios \u00e2mbitos e territ\u00f3rios, se prop\u00f5e a desenvolver a\u00e7\u00f5es de documenta\u00e7\u00e3o, ... Ler mais","og_url":"https:\/\/www.ccbnet.org.br\/index.php\/olma\/","article_publisher":"https:\/\/pt-br.facebook.com\/ccbjesuitas\/","article_modified_time":"2022-07-12T13:50:09+00:00","og_image":[{"url":"https:\/\/www.ccbnet.org.br\/wp-content\/uploads\/2022\/07\/16.09.2016-observatorio-socioambiental-300x234-2.png","type":"","width":"","height":""}],"twitter_card":"summary_large_image","twitter_misc":{"Est. tempo de leitura":"1 minuto"},"schema":{"@context":"https:\/\/schema.org","@graph":[{"@type":"WebPage","@id":"https:\/\/www.ccbnet.org.br\/index.php\/olma\/","url":"https:\/\/www.ccbnet.org.br\/index.php\/olma\/","name":"OLMA -","isPartOf":{"@id":"https:\/\/www.ccbnet.org.br\/#website"},"primaryImageOfPage":{"@id":"https:\/\/www.ccbnet.org.br\/index.php\/olma\/#primaryimage"},"image":{"@id":"https:\/\/www.ccbnet.org.br\/index.php\/olma\/#primaryimage"},"thumbnailUrl":"https:\/\/www.ccbnet.org.br\/wp-content\/uploads\/2022\/07\/16.09.2016-observatorio-socioambiental-300x234-2.png","datePublished":"2022-07-08T18:47:54+00:00","dateModified":"2022-07-12T13:50:09+00:00","breadcrumb":{"@id":"https:\/\/www.ccbnet.org.br\/index.php\/olma\/#breadcrumb"},"inLanguage":"pt-BR","potentialAction":[{"@type":"ReadAction","target":["https:\/\/www.ccbnet.org.br\/index.php\/olma\/"]}]},{"@type":"ImageObject","inLanguage":"pt-BR","@id":"https:\/\/www.ccbnet.org.br\/index.php\/olma\/#primaryimage","url":"https:\/\/www.ccbnet.org.br\/wp-content\/uploads\/2022\/07\/16.09.2016-observatorio-socioambiental-300x234-2.png","contentUrl":"https:\/\/www.ccbnet.org.br\/wp-content\/uploads\/2022\/07\/16.09.2016-observatorio-socioambiental-300x234-2.png","width":300,"height":234},{"@type":"BreadcrumbList","@id":"https:\/\/www.ccbnet.org.br\/index.php\/olma\/#breadcrumb","itemListElement":[{"@type":"ListItem","position":1,"name":"In\u00edcio","item":"https:\/\/www.ccbnet.org.br\/"},{"@type":"ListItem","position":2,"name":"OLMA"}]},{"@type":"WebSite","@id":"https:\/\/www.ccbnet.org.br\/#website","url":"https:\/\/www.ccbnet.org.br\/","name":"","description":"","publisher":{"@id":"https:\/\/www.ccbnet.org.br\/#organization"},"potentialAction":[{"@type":"SearchAction","target":{"@type":"EntryPoint","urlTemplate":"https:\/\/www.ccbnet.org.br\/?s={search_term_string}"},"query-input":{"@type":"PropertyValueSpecification","valueRequired":true,"valueName":"search_term_string"}}],"inLanguage":"pt-BR"},{"@type":"Organization","@id":"https:\/\/www.ccbnet.org.br\/#organization","name":"Centro Cultural de Bras\u00edlia","url":"https:\/\/www.ccbnet.org.br\/","logo":{"@type":"ImageObject","inLanguage":"pt-BR","@id":"https:\/\/www.ccbnet.org.br\/#\/schema\/logo\/image\/","url":"https:\/\/www.ccbnet.org.br\/wp-content\/uploads\/2022\/07\/cropped-logoCCB.png","contentUrl":"https:\/\/www.ccbnet.org.br\/wp-content\/uploads\/2022\/07\/cropped-logoCCB.png","width":225,"height":225,"caption":"Centro Cultural de Bras\u00edlia"},"image":{"@id":"https:\/\/www.ccbnet.org.br\/#\/schema\/logo\/image\/"},"sameAs":["https:\/\/pt-br.facebook.com\/ccbjesuitas\/","https:\/\/www.instagram.com\/centroculturaldebrasilia\/"]}]}},"_links":{"self":[{"href":"https:\/\/www.ccbnet.org.br\/index.php\/wp-json\/wp\/v2\/pages\/120","targetHints":{"allow":["GET"]}}],"collection":[{"href":"https:\/\/www.ccbnet.org.br\/index.php\/wp-json\/wp\/v2\/pages"}],"about":[{"href":"https:\/\/www.ccbnet.org.br\/index.php\/wp-json\/wp\/v2\/types\/page"}],"author":[{"embeddable":true,"href":"https:\/\/www.ccbnet.org.br\/index.php\/wp-json\/wp\/v2\/users\/2"}],"replies":[{"embeddable":true,"href":"https:\/\/www.ccbnet.org.br\/index.php\/wp-json\/wp\/v2\/comments?post=120"}],"version-history":[{"count":5,"href":"https:\/\/www.ccbnet.org.br\/index.php\/wp-json\/wp\/v2\/pages\/120\/revisions"}],"predecessor-version":[{"id":163,"href":"https:\/\/www.ccbnet.org.br\/index.php\/wp-json\/wp\/v2\/pages\/120\/revisions\/163"}],"wp:attachment":[{"href":"https:\/\/www.ccbnet.org.br\/index.php\/wp-json\/wp\/v2\/media?parent=120"}],"curies":[{"name":"wp","href":"https:\/\/api.w.org\/{rel}","templated":true}]}}

<p></p>



<p>O Observatório é um núcleo organizador de instituições e iniciativas em rede focadas em temáticas comuns ligadas à “promoção da justiça socioambiental da rede jesuíta”. </p>



<figure class="wp-block-image size-full"><img loading="lazy" decoding="async" width="300" height="234" src="https://www.ccbnet.org.br/wp-content/uploads/2022/07/16.09.2016-observatorio-socioambiental-300x234-2.png" alt="" class="wp-image-140"/></figure>



<p>Criado pela&nbsp;<strong>Província dos Jesuítas do Brasil – BRA</strong>&nbsp;para&nbsp;observar em profundidade&nbsp;as grandes questões emergentes da realidade conflitiva e contraditória, em vários âmbitos e territórios, se propõe a desenvolver ações de documentação, sistematização, reflexão, formação e articulação de forma a colocar em sinergia todo o potencial acumulado na Rede Jesuíta, buscando, sobretudo, uma interlocução contínua com os diversos atores dentro e fora da Igreja.</p>



<p>(Fonte: https://olma.org.br/quem-somos/o-que-e/)</p>

<p>O Observatório é um núcleo organizador de instituições e iniciativas em rede focadas em temáticas comuns ligadas à “promoção da justiça socioambiental da rede jesuíta”.  Criado pela&nbsp;Província dos Jesuítas do Brasil – BRA&nbsp;para&nbsp;observar em profundidade&nbsp;as grandes questões emergentes da realidade conflitiva e contraditória, em vários âmbitos e territórios, se propõe a desenvolver ações de documentação, &#8230; <a title="OLMA" class="read-more" href="https://www.ccbnet.org.br/index.php/olma/" aria-label="More on OLMA">Ler mais</a></p>

<!-- This site is optimized with the Yoast SEO plugin v24.9 - https://yoast.com/wordpress/plugins/seo/ -->
<title>OLMA -</title>
<meta name="robots" content="index, follow, max-snippet:-1, max-image-preview:large, max-video-preview:-1" />
<link rel="canonical" href="https://www.ccbnet.org.br/index.php/olma/" />
<meta property="og:locale" content="pt_BR" />
<meta property="og:type" content="article" />
<meta property="og:title" content="OLMA -" />
<meta property="og:description" content="O Observatório é um núcleo organizador de instituições e iniciativas em rede focadas em temáticas comuns ligadas à “promoção da justiça socioambiental da rede jesuíta”.  Criado pela&nbsp;Província dos Jesuítas do Brasil – BRA&nbsp;para&nbsp;observar em profundidade&nbsp;as grandes questões emergentes da realidade conflitiva e contraditória, em vários âmbitos e territórios, se propõe a desenvolver ações de documentação, ... Ler mais" />
<meta property="og:url" content="https://www.ccbnet.org.br/index.php/olma/" />
<meta property="article:publisher" content="https://pt-br.facebook.com/ccbjesuitas/" />
<meta property="article:modified_time" content="2022-07-12T13:50:09+00:00" />
<meta property="og:image" content="https://www.ccbnet.org.br/wp-content/uploads/2022/07/16.09.2016-observatorio-socioambiental-300x234-2.png" />
<meta name="twitter:card" content="summary_large_image" />
<meta name="twitter:label1" content="Est. tempo de leitura" />
	<meta name="twitter:data1" content="1 minuto" />
<script type="application/ld+json" class="yoast-schema-graph">{"@context":"https://schema.org","@graph":[{"@type":"WebPage","@id":"https://www.ccbnet.org.br/index.php/olma/","url":"https://www.ccbnet.org.br/index.php/olma/","name":"OLMA -","isPartOf":{"@id":"https://www.ccbnet.org.br/#website"},"primaryImageOfPage":{"@id":"https://www.ccbnet.org.br/index.php/olma/#primaryimage"},"image":{"@id":"https://www.ccbnet.org.br/index.php/olma/#primaryimage"},"thumbnailUrl":"https://www.ccbnet.org.br/wp-content/uploads/2022/07/16.09.2016-observatorio-socioambiental-300x234-2.png","datePublished":"2022-07-08T18:47:54+00:00","dateModified":"2022-07-12T13:50:09+00:00","breadcrumb":{"@id":"https://www.ccbnet.org.br/index.php/olma/#breadcrumb"},"inLanguage":"pt-BR","potentialAction":[{"@type":"ReadAction","target":["https://www.ccbnet.org.br/index.php/olma/"]}]},{"@type":"ImageObject","inLanguage":"pt-BR","@id":"https://www.ccbnet.org.br/index.php/olma/#primaryimage","url":"https://www.ccbnet.org.br/wp-content/uploads/2022/07/16.09.2016-observatorio-socioambiental-300x234-2.png","contentUrl":"https://www.ccbnet.org.br/wp-content/uploads/2022/07/16.09.2016-observatorio-socioambiental-300x234-2.png","width":300,"height":234},{"@type":"BreadcrumbList","@id":"https://www.ccbnet.org.br/index.php/olma/#breadcrumb","itemListElement":[{"@type":"ListItem","position":1,"name":"Início","item":"https://www.ccbnet.org.br/"},{"@type":"ListItem","position":2,"name":"OLMA"}]},{"@type":"WebSite","@id":"https://www.ccbnet.org.br/#website","url":"https://www.ccbnet.org.br/","name":"","description":"","publisher":{"@id":"https://www.ccbnet.org.br/#organization"},"potentialAction":[{"@type":"SearchAction","target":{"@type":"EntryPoint","urlTemplate":"https://www.ccbnet.org.br/?s={search_term_string}"},"query-input":{"@type":"PropertyValueSpecification","valueRequired":true,"valueName":"search_term_string"}}],"inLanguage":"pt-BR"},{"@type":"Organization","@id":"https://www.ccbnet.org.br/#organization","name":"Centro Cultural de Brasília","url":"https://www.ccbnet.org.br/","logo":{"@type":"ImageObject","inLanguage":"pt-BR","@id":"https://www.ccbnet.org.br/#/schema/logo/image/","url":"https://www.ccbnet.org.br/wp-content/uploads/2022/07/cropped-logoCCB.png","contentUrl":"https://www.ccbnet.org.br/wp-content/uploads/2022/07/cropped-logoCCB.png","width":225,"height":225,"caption":"Centro Cultural de Brasília"},"image":{"@id":"https://www.ccbnet.org.br/#/schema/logo/image/"},"sameAs":["https://pt-br.facebook.com/ccbjesuitas/","https://www.instagram.com/centroculturaldebrasilia/"]}]}</script>
<!-- / Yoast SEO plugin. -->

O Observatório é um núcleo organizador de instituições e iniciativas em rede focadas em temáticas comuns ligadas à “promoção da justiça socioambiental da rede jesuíta”.  Criado pela&nbsp;Província dos Jesuítas do Brasil – BRA&nbsp;para&nbsp;observar em profundidade&nbsp;as grandes questões emergentes da realidade conflitiva e contraditória, em vários âmbitos e territórios, se propõe a desenvolver ações de documentação, ... Ler mais

Início

Centro Cultural de Brasília
